 30?
10
Suppose 0 = -3*y - o + 1569, -4*y + o = -1335 - 750. Calculate the highest common factor of 58 and y.
58
Let l be (-2 - -1)*(-2 + (10 - 13)). Calculate the highest common divisor of 10 and l.
5
Let b be (-1810)/(-6) + (-36)/54. What is the greatest common divisor of 43 and b?
43
Let z(r) = -3*r - 3*r**2 + 4 + 5*r + 4*r**2 + 2*r. Let h be z(-3). Let a = 80 + -79. Calculate the highest common factor of h and a.
1
Let g = -6 - -20. Let q = g + 42. Let m(a) = -3*a - 1. Let c be m(-5). Calculate the highest common factor of c and q.
14
Let f be (-6)/3 - (-7 + 2). Suppose -j - 16 = -4*s, -2*j + f*s + 2*s = 44. Let q = j - -56. Calculate the highest common divisor of q and 36.
12
Let l(a) = -9*a - 27. Let y be l(-7). Calculate the highest common divisor of y and 12.
12
Let w = -1150 - -1220. Calculate the highest common factor of 112 and w.
14
Let x(y) = -y**3 + 22*y**2 + 19*y + 101. Let j be x(23). What is the highest common factor of 15 and j?
3
Suppose -46*j = 7*j - 70649. What is the highest common divisor of 86 and j?
43
Let q = 45 - -99. Calculate the highest common divisor of q and 12.
12
Suppose -3*r + 2*r + 3 = 0. Let q = 173 - r. Calculate the greatest common factor of q and 68.
34
Let i = 62 - -155. What is the greatest common factor of i and 93?
31
Let m be ((-3)/2 - -1)*-114. Let j = m + -34. Suppose -3*n + 128 = -2*w, -632*n - w + 189 = -628*n. What is the greatest common divisor of j and n?
23
Let k be 7/(-14) + (-611)/(-2) + 0. Let p = k + -201. Calculate the highest common divisor of 13 and p.
13
Let p = 5 + -2. Suppose 5*c = -b - 2*b + 978, 3*b = p*c - 606. Suppose c = 4*d - 2*d. Calculate the highest common factor of 9 and d.
9
Let m(g) = 2*g**2 + 6*g + 7. Let u be m(-3). Suppose 6*w - 23 - u = 0. Calculate the greatest common factor of 40 and w.
5
Let z(x) = x**3 - 6*x**2 + 2. Let o be z(6). Suppose 2*w = n - o*w - 10, 3*n - 12 = 3*w. Calculate the highest common factor of n and 34.
2
Let i be (-2217)/(-4) + (-7)/(140/(-15)). Calculate the highest common factor of i and 15.
15
Let w = 83 + -59. Suppose 8*p - 56 = w. Suppose 2*s - 3*q = -1 - 1, 3*q - 7 = s. Calculate the highest common factor of s and p.
5
Suppose -2*u - 817 - 23 = -2*m, 1686 = 4*m - 2*u. What is the greatest common factor of 45 and m?
9
Let o(h) = 837*h - 69. Let r be o(5). Calculate the highest common divisor of 28 and r.
28
Suppose 0 = -37*t + 42*t - 4*f - 1707, 0 = t + 2*f - 333. Calculate the greatest common divisor of t and 452.
113
Let p(u) = 30*u - 45. Let h be p(21). Calculate the greatest common divisor of 65 and h.
65
Let m = 97 - -14. Suppose -115*u + m*u = -144. Calculate the greatest common factor of 36 and u.
36
Let k(y) = 9*y + 28. Let d be k(11). Let n = d - 88. What is the highest common divisor of n and 13?
13
Suppose c - 130 = -2*v, v + 2*c - 12 = 53. Suppose v - 17 = 8*d. Let z = -74 - -116. Calculate the highest common divisor of z and d.
6
Suppose 115 = 4*g - 137. Suppose x - 40 = -5*i, 24 = 3*i - 2*x + 3*x. Suppose -35 + 6 = -5*q + 3*k, 0 = 4*k - i. Calculate the highest common factor of g and q.
7
Suppose 12*u + 4841 = 5237. Suppose -5*x + 528 = -x. What is the greatest common divisor of u and x?
33
Let c = 32 + -27. Let w be (3 - 5)/(2/(-3)). Suppose w*v + 2*o + 2*o - 1 = 0, c*v = -o + 30. What is the greatest common factor of 56 and v?
7
Let p(t) = -t**3 - 8*t**2 + 15*t + 73. Let x be p(-9). Calculate the highest common divisor of x and 1.
1
Suppose 0 = -q - 0*q + 2*s + 3, 0 = s - 5. Let h = q - -6. Let x(z) = 3*z + 1. Let d be x(6). What is the highest common divisor of d and h?
19
Let w be (-2)/(-5)*(-1900)/(-4) - 0. Calculate the highest common factor of w and 38.
38
Suppose -1901*m + 144 = -1889*m. What is the highest common divisor of 2316 and m?
12
Let z be (-472)/(-26) + (-2)/13. Suppose -g - 646 = -5*g - j, -4*g + 5*j + 658 = 0. What is the greatest common divisor of g and z?
18
Suppose -20*p - 1382 = -4742. What is the highest common factor of p and 21?
21
Suppose 0 = -d + b + 40, 2*b + 17 = -d + 63. What is the greatest common factor of 63 and d?
21
Let d(k) = 11*k - 28. Suppose -5*n + 7*r + 8 = 4*r, -3*n + 32 = 5*r. Let l be d(n). What is the highest common factor of l and 12?
4
Suppose 0 = -11*v + 280 + 28. Calculate the highest common factor of v and 210.
14
Suppose -24 = -6*p - 6*p. Calculate the highest common factor of p and 34.
2
Let p be (9 - -1)/(0 + -1). Let d = p - -12. Suppose 0 = s - 5. Calculate the greatest common factor of d and s.
1
Let i = -38 + 53. What is the highest common factor of i and 375?
15
Let a(i) = 278 - 8*i - 28*i - 278. Let k = -3 + 1. Let u be a(k). Calculate the greatest common divisor of u and 8.
8
Suppose -3*v + 78 = b, b + 2*v + 196 = 3*b. Calculate the highest common factor of b and 124.
31
Suppose -848 = -4*p - 4*x, -4*p + 3*x - 6*x = -851. Calculate the greatest common divisor of 86 and p.
43
Let w(p) = 2*p**3 - 2*p - 1. Let l be w(-1). Let c be 7 + 37 + l*2. Suppose -3*s = -s - c. Calculate the greatest common factor of 84 and s.
21
Let s(k) = -2*k**3 + 16*k**2 - 6*k + 15. Let z be s(5). What is the highest common divisor of z and 585?
45
Suppose -3*m = 7*x - 3*x - 559, 5*m - 937 = -4*x. What is the greatest common factor of 35 and m?
7
Suppose 4*b + 14 = 11*b. Let r be (19*(2 - -2))/2. Let u = r - 20. What is the greatest common divisor of u and b?
2
Let a = 759 - 707. Calculate the highest common factor of a and 117.
13
Let w = -105 + 111. Calculate the highest common factor of w and 4.
2
Let n(d) = 12 + d**2 + 5 - 3 - 2*d**2. Let x be n(0). Let k(y) = 11*y + 1. Let r be k(5). Calculate the greatest common factor of x and r.
14
Let n(h) = -76*h**3 - h**2 + 1. Suppose 0 = 4*c + 6 - 2. Let x be n(c). Suppose 2*a - a = 3*g + 16, -2*g = -2. What is the greatest common divisor of x and a?
19
Let u be 46 + 6*2/4. Suppose u - 17 = y. Let h = -81 + 85. What is the greatest common factor of h and y?
4
Suppose 5*g - g - 36 = 0. Suppose c + g = 14. Suppose 0 = v + 4*f - 14, 3*v - 3*f + 0 + 3 = 0. Calculate the highest common divisor of c and v.
1
Let a be ((-6 - -27) + -15)/((-4)/(-6)). Let f = 3 + 6. What is the highest common divisor of f and a?
9
Let n be (-324)/(-60) + (-2)/5. Suppose -10*l + 400 = -n*l. What is the highest common divisor of 16 and l?
16
Let o = -32 + 34. Suppose -o*x + 78 = -x - 4*g, 5*x - 3*g - 356 = 0. What is the highest common divisor of x and 10?
10
Let v be ((-13)/2)/((-1)/4). Let k be (-1)/2*4*15/(-6). Suppose -s + 30 = -k*g - 47, 3*g = -15. What is the highest common divisor of s and v?
26
Let p = 16 + -8. Let n = -34 + 28. Let v(a) = -a**2 - 8*a + 4. Let i be v(n). What is the greatest common divisor of i and p?
8
Let q be (-118)/10 + 1/(-5). Let w = q - -16. Suppose w*t - u = -0*t + 741, -t + 164 = 4*u. What is the highest common factor of t and 23?
23
Let v be (-13)/(52/(-8036))*1. What is the greatest common divisor of 49 and v?
49
Let j = 273 + -446. Let u = j - -229. Suppose 0*k + 5*k - 70 = 0. Calculate the greatest common factor of k and u.
14
Let a(g) = 47*g**2 - 9*g - 11. Let b be a(-2). Calculate the highest common divisor of b and 45.
15
Let g(f) = -2*f + 47. Let i be g(15). Let n = i - 12. Let c(d) = -d**2 - 7*d - 5. Let t be c(-5). What is the highest common divisor of n and t?
5
Let k(m) = -m - 19. Let s(z) = 10. Let n(t) = 2*k(t) + 5*s(t). Let u be n(5). Let a be (17/u)/(13/26). What is the highest common factor of 17 and a?
17
Suppose -5*i + 512 = 282. What is the greatest common divisor of i and 46?
46
Let h(d) = 4*d - 46. Let n be h(17). Calculate the greatest common factor of 198 and n.
22
Let a(g) = g**2 - 2*g - 4. Let t be a(4). Suppose -r + 2 = -0*r. Calculate the highest common factor of t and r.
2
Let d = 20 - 6. Suppose 2*b = u + 128, -5*u = 4*b - 2*b + 652. Let a = -60 - u. Calculate the highest common divisor of a and d.
14
Let l = -7 + 7. Let x = 27 - -28. Suppose 3*o = o + 3*g + x, 5*o - 2*g - 110 = l. What is the greatest common divisor of 100 and o?
20
Let m be 255/60 + 1/(-4). Let z be -3 + ((-48)/(-3))/m. Suppose -4*d + 39 = 5*s, 0 = d + d + 8. What is the highest common factor of z and s?
1
Suppose -47*v + 52*v = 630. What is the highest common divisor of v and 7?
7
Let a = 297 + -220. What is the greatest common divisor